s divided by 2081?
30
What is the remainder when 3482 is divided by 43?
42
What is the remainder when 562 is divided by 555?
7
Calculate the remainder when 1197 is divided by 296.
13
What is the remainder when 8581 is divided by 2145?
1
What is the remainder when 7 is divided by 5?
2
What is the remainder when 129 is divided by 22?
19
Calculate the remainder when 1970 is divided by 17.
15
What is the remainder when 400 is divided by 99?
4
What is the remainder when 11785 is divided by 30?
25
What is the remainder when 2071 is divided by 122?
119
Calculate the remainder when 220 is divided by 74.
72
What is the remainder when 851 is divided by 841?
10
Calculate the remainder when 50 is divided by 20.
10
What is the remainder when 596 is divided by 318?
278
What is the remainder when 94 is divided by 32?
30
Calculate the remainder when 171 is divided by 6.
3
Calculate the remainder when 790 is divided by 61.
58
Calculate the remainder when 406 is divided by 81.
1
What is the remainder when 172 is divided by 36?
28
What is the remainder when 441 is divided by 5?
1
Calculate the remainder when 6543 is divided by 55.
53
Calculate the remainder when 39 is divided by 17.
5
Calculate the remainder when 13 is divided by 8.
5
What is the remainder when 288 is divided by 17?
16
Calculate the remainder when 1234 is divided by 12.
10
Calculate the remainder when 702 is divided by 32.
30
Calculate the remainder when 47 is divided by 4.
3
What is the remainder when 215 is divided by 24?
23
Calculate the remainder when 4809 is divided by 56.
49
Calculate the remainder when 3193 is divided by 94.
91
What is the remainder when 1287 is divided by 23?
22
What is the remainder when 80 is divided by 72?
8
What is the remainder when 418 is divided by 108?
94
What is the remainder when 432 is divided by 107?
4
What is the remainder when 1210 is divided by 403?
1
Calculate the remainder when 44700 is divided by 14.
12
What is the remainder when 523 is divided by 1?
0
Calculate the remainder when 362 is divided by 34.
22
Calculate the remainder when 1155 is divided by 34.
33
Calculate the remainder when 159 is divided by 134.
25
Calculate the remainder when 2183 is divided by 115.
113
What is the remainder when 823 is divided by 25?
23
Calculate the remainder when 6574 is divided by 597.
7
What is the remainder when 112 is divided by 19?
17
Calculate the remainder when 111 is divided by 20.
11
Calculate the remainder when 643 is divided by 139.
87
Calculate the remainder when 457 is divided by 42.
37
What is the remainder when 155 is divided by 86?
69
Calculate the remainder when 136 is divided by 30.
16
Calculate the remainder when 591 is divided by 54.
51
Calculate the remainder when 1478 is divided by 28.
22
What is the remainder when 769 is divided by 209?
142
Calculate the remainder when 2379 is divided by 79.
9
Calculate the remainder when 171 is divided by 89.
82
What is the remainder when 4649 is divided by 10?
9
Calculate the remainder when 683 is divided by 121.
78
What is the remainder when 2729 is divided by 152?
145
What is the remainder when 6619 is divided by 14?
11
Calculate the remainder when 5710 is divided by 124.
6
What is the remainder when 961 is divided by 27?
16
Calculate the remainder when 15983 is divided by 18.
17
What is the remainder when 6159 is divided by 140?
139
Calculate the remainder when 390 is divided by 79.
74
What is the remainder when 389 is divided by 126?
11
Calculate the remainder when 1182 is divided by 101.
71
What is the remainder when 857 is divided by 66?
65
What is the remainder when 3723 is divided by 8?
3
Calculate the remainder when 209 is divided by 88.
33
Calculate the remainder when 195 is divided by 94.
7
What is the remainder when 117 is divided by 12?
9
What is the remainder when 3984 is divided by 996?
0
What is the remainder when 20 is divided by 11?
9
What is the remainder when 69 is divided by 39?
30
What is the remainder when 75 is divided by 19?
18
What is the remainder when 181 is divided by 46?
43
What is the remainder when 918 is divided by 100?
18
Calculate the remainder when 38 is divided by 23.
15
What is the remainder when 153 is divided by 117?
36
What is the remainder when 706 is divided by 80?
66
Calculate the remainder when 271 is divided by 27.
1
Calculate the remainder when 310 is divided by 21.
16
What is the remainder when 16188 is divided by 7?
4
Calculate the remainder when 373 is divided by 34.
33
What is the remainder when 704 is divided by 168?
32
Calculate the remainder when 1939 is divided by 645.
4
Calculate the remainder when 2105 is divided by 81.
80
What is the remainder when 160 is divided by 33?
28
What is the remainder when 142 is divided by 80?
62
Calculate the remainder when 442 is divided by 74.
72
Calculate the remainder when 374 is divided by 112.
38
Calculate the remainder when 18168 is divided by 14.
10
What is the remainder when 221 is divided by 64?
29
Calculate the remainder when 561 is divided by 278.
5
Calculate the remainder when 1032 is divided by 28.
24
What is the remainder when 6554 is divided by 73?
57
Calculate the remainder when 208 is divided by 70.
68
What is the remainder when 4786 is divided by 60?
46
Calculate the remainder when 190 is divided by 45.
10
Calculate the remainder when 430 is divided by 108.
106
What is the remainder when 431 is divided by 292?
139
What is the remainder when 24 is divided by 21?
3
Calculate the remainder when 377 is divided by 63.
62
Calculate the remainder when 263 is divided by 12.
11
What is the remainder when 8737 is divided by 17?
16
What is the remainder when 831 is divided by 64?
63
What is the remainder when 1187 is divided by 92?
83
Calculate the remainder when 102 is divided by 23.
10
Calculate the remainder when 365 is divided by 61.
60
What is the remainder when 346 is divided by 31?
5
What is the remainder when 1688 is divided by 429?
401
What is the remainder when 45 is divided by 10?
5
What is the remainder when 38 is divided by 10?
8
What is the remainder when 84 is divided by 23?
15
Calculate the remainder when 439 is divided by 146.
1
Calculate the remainder when 689 is divided by 24.
17
What is the remainder when 51 is divided by 27?
24
What is the remainder when 290 is divided by 22?
4
What is the remainder when 3015 is divided by 116?
115
What is the remainder when 8446 is divided by 13?
9
What is the remainder when 59 is divided by 55?
4
What is the remainder when 16797 is divided by 53?
49
What is the remainder when 91 is divided by 38?
15
What is the remainder when 3279 is divided by 1629?
21
Calculate the remainder when 204 is divided by 68.
0
Calculate the remainder when 543 is divided by 44.
15
What is the remainder when 181 is divided by 91?
90
What is the remainder when 2283 is divided by 36?
15
What is the remainder when 1545 is divided by 129?
126
Calculate the remainder when 211 is divided by 29.
8
What is the remainder when 1770 is divided by 438?
18
What is the remainder when 68 is divided by 20?
8
Calculate the remainder when 1645 is divided by 43.
11
What is the remainder when 5758 is divided by 31?
23
What is the remainder when 317 is divided by 66?
53
Calculate the remainder when 482 is divided by 9.
5
Calculate the remainder when 142 is divided by 11.
10
Calculate the remainder when 319 is divided by 20.
19
Calculate the remainder when 6 is divided by 6.
0
What is the remainder when 11 is divided by 9?
2
Calculate the remainder when 159 is divided by 21.
12
What is the remainder when 2099 is divided by 25?
24
Calculate the remainder when 738 is divided by 290.
158
What is the remainder when 31583 is divided by 16?
15
What is the remainder when 128 is divided by 112?
16
Calculate the remainder when 3399 is divided by 63.
60
What is the remainder when 16 is divided by 3?
1
Calculate the remainder when 1811 is divided by 447.
23
Calculate the remainder when 547 is divided by 55.
52
What is the remainder when 71 is divided by 17?
3
What is the remainder when 4166 is divided by 379?
376
What is the remainder when 610 is divided by 37?
18
Calculate the remainder when 357 is divided by 36.
33
Calculate the remainder when 3938 is divided by 2.
0
Calculate the remainder when 330 is divided